 is the greatest common factor of k and 24?
6
Let m(v) = -12 - 4*v**2 + 8*v**2 - 11 - 6*v - 4*v + 8. Let a be m(-2). Calculate the highest common divisor of a and 63.
21
Let j(n) = 4*n**2 + 15*n + 41. Let d be j(-4). Let s be (18/d)/((-1)/(-20)). Calculate the greatest common factor of 26 and s.
2
Suppose -1861*t + 1842*t + 2432 = 0. What is the greatest common factor of 3616 and t?
32
Suppose 383 = 4*s - g + 202, -195 = -5*s - 5*g. Calculate the highest common factor of 7348 and s.
44
Let p = 11 - -6. Let v = 87 + -109. Let a(q) = q + 39. Let b be a(v). What is the greatest common factor of b and p?
17
Let o(v) = 4*v + 64. Let x be o(-15). Suppose 0 = -x*t + 3*t + 3. What is the highest common divisor of 1 and t?
1
Suppose 5*q - 4*t - 1792 = 0, -4*q + 19*t = 24*t - 1368. What is the greatest common divisor of q and 110?
22
Let s be 88/(-5 - (-222)/42)*(-7)/(-14). What is the greatest common factor of 784 and s?
14
Let r = -2040 - -2058. What is the highest common divisor of r and 1017?
9
Suppose 4*c - c - 3*f - 21 = 0, 4*c - 24 = 3*f. Suppose -l = c*o - 94 - 25, 3*o - 115 = l. What is the greatest common divisor of 12 and o?
3
Let a(u) = -45 - 36*u + 3 + 8*u - 16*u**2 + u**3 + 11*u + 4*u. Let h = 28 + -11. Let z be a(h). What is the greatest common factor of 13 and z?
13
Let a = 1408 - 1243. Calculate the highest common factor of a and 2673.
33
Let w = -8 - -12. Let z(q) = 8*q**2 + 3*q - 5. Let d be z(1). Let p be (-6)/w + 57/d. Calculate the greatest common divisor of 56 and p.
8
Let n = -9164 - -9170. Let k be (-3)/2*204/(-6). What is the highest common factor of n and k?
3
Let z(i) = -6*i**3 + i**2 + 2*i + 2. Let m be z(3). Let q = 299 + m. Let d be (q/(-21))/(2/(-5 + -1)). Calculate the greatest common factor of d and 33.
11
Suppose 56*o + 6 = 57*o. Let d be ((-3)/2)/(o*4/(-208)). Suppose d*p = 11*p + 38. What is the greatest common divisor of p and 57?
19
Let p = 1046 + -1022. What is the highest common factor of 1068 and p?
12
Suppose 4*x - 44 - 188 = -4*s, 0 = -3*s. Let a = x + -21. Let m = 16 - -243. Calculate the greatest common factor of a and m.
37
Suppose 3*n - 4*j - 101 = 0, 117 - 23 = 2*n + 4*j. Let u be ((-32)/2 + 3)*-3. Calculate the highest common divisor of u and n.
39
Let c = -292 + 119. Let n = 179 + c. Calculate the greatest common divisor of 138 and n.
6
Let s be (-15654)/(-45) + 32/240. What is the greatest common divisor of s and 216?
12
Let z = 228 + -863. Let l = -232 - z. Suppose -l = 8*i - 1915. Calculate the greatest common factor of i and 21.
21
Suppose 4*t + 147 = -3*f, 5*f - 12 = f. Let h be (-10 + 18)/2 - (1 + t). What is the greatest common factor of 12 and h?
6
Let s = -12366 + 18391. What is the greatest common factor of s and 75?
25
Let b(l) = -54*l**3 - 2*l**2 - 47*l - 44. Let u be b(-1). Let r = -29 + 62. Calculate the highest common factor of r and u.
11
Let t be (0 + 1)*1*(-7 + 3). Let q(a) = -6*a - 21 + 2*a**2 + 2*a**3 - 5*a**3 + 15. Let o be q(t). Calculate the highest common divisor of 22 and o.
22
Let x(z) = -12*z + 2. Let d be x(-2). Let n = d + -4. Let j(q) = -3638*q + 29126. Let v be j(8). What is the highest common divisor of v and n?
22
Suppose 0 = 3*g - 4*y - 9, -3*g + 9 = -7*y + 6*y. Suppose 3*u - 51 = -a, -157 = -5*a + g*u + 98. What is the highest common factor of 408 and a?
51
Suppose 3*y + 11901 = -i + 6*i, 2*y = 3*i - 7141. Let f = -1593 + i. Suppose -150 = -13*a + f. What is the highest common factor of a and 18?
18
Let w = -459 + 557. Calculate the highest common divisor of w and 21.
7
Suppose 236 = -14*l + 3738 + 40. Calculate the highest common factor of l and 184.
23
Suppose 96*h + 380 = 99*h - 4*g, -3 = -3*g. Let z(n) = n**2 + n + 4. Let a be z(3). Calculate the highest common factor of h and a.
16
Let g = -29 + 27. Let h be 8 - (-3 - 3) - g/1. Suppose -n + 32 = 5*b, 0 = 2*b + 3*b. Calculate the highest common factor of h and n.
16
Let x be 16 - 15 - -1*1. Let z be (-1)/(-2) + x + 6/(-12). Suppose 0*g = z*g - 6, 0 = -3*h + 2*g + 930. Calculate the greatest common divisor of h and 39.
39
Let r be 1*(2 + -5)*-57. Let m = r + -91. Calculate the greatest common divisor of m and 200.
40
Let d = -1394 - -1538. Let o(a) = 3*a**3 - 2*a**2 + 2*a - 4. Let w be o(2). Calculate the greatest common divisor of w and d.
16
Suppose 23*k - 7*k = 1456. Let s(f) = -f**2 + 12*f - 7. Let a be s(10). Calculate the greatest common factor of a and k.
13
Let b be 35670/82 - 10/1. What is the highest common factor of 125 and b?
25
Suppose -4*d = -4, 3*d - 272 - 73 = -t. Let m be ((-12780)/(-56))/3 + (-34 - (-21375)/630). What is the greatest common divisor of t and m?
38
Let i be 14 + (51 - 16) + 0. Let x = 141 - 64. What is the greatest common factor of x and i?
7
Suppose 9*o - 34 = 3152. Let l = 410 - o. What is the highest common factor of 72 and l?
8
Let v = -97 + 137. Suppose -125*m = -128*m - q + 963, -q = 4*m - 1283. Calculate the greatest common divisor of v and m.
40
Suppose -2*a + 57 = 15. Let g = -49 + a. Let v be 21/g + (-131)/(-4). What is the greatest common divisor of 256 and v?
32
Suppose -3*r = -4*c - 8922, 2711 = 2*r + 5*c - 3214. What is the highest common factor of 275 and r?
55
Let k(v) = -409*v - 8. Let w be k(2). Let z = -566 - w. Suppose 56*d + z = 61*d. Calculate the highest common factor of d and 78.
26
Suppose 589 = -9*b - 167. Let k be -7*6/b*22. Calculate the highest common factor of 22 and k.
11
Let x = -8831 + 8903. What is the highest common factor of x and 8550?
18
Suppose -3*f + 3*b = -1884, 8 = -3*b - 1. Calculate the greatest common divisor of 5 and f.
5
Let j be (-4 + -2 + 6 - -1) + 1. Suppose -j*w - 5*v = -858, 19*w = 21*w + v - 866. Calculate the greatest common factor of w and 28.
14
Let a(r) = 8 - 2*r + 9 - 2. Let q be a(-5). Let i(t) = -t**2 - 27*t + 18. Let o be i(-14). What is the greatest common divisor of q and o?
25
Let l be (-14)/(-10) + 4620/700. Suppose 3*g = -0*g + 9. Suppose 3*b + g = 0, -3*b - 7 = -2*u + 28. Calculate the highest common factor of l and u.
8
Suppose -334*a + 324*a + 700 = 0. Suppose y - 42 = 112. Calculate the greatest common factor of y and a.
14
Let d(x) = 2*x + 7. Suppose -15 = 3*w - 3*o, 4*w - 6*w - 2*o + 2 = 0. Let y be d(w). What is the greatest common factor of y and 33?
3
Let a = 20139 - 20103. What is the highest common factor of a and 1548?
36
Let t be 0/8*2/4. Suppose -4*p + 0 = 20, 3*p = 2*m - 63. Let c be m/16*(18 - t). What is the highest common factor of c and 297?
27
Let l = 115 - 118. Let p be (-10)/l*3*8/10. Calculate the greatest common divisor of p and 248.
8
Let j be 3/3*(0 + -1). Let z be -5*(117/(-15) - j). Suppose 3*b + 77*d - 158 = 78*d, 0 = -4*b + d + 209. What is the highest common divisor of b and z?
17
Let h(r) be the first derivative of -r**4/4 + 22*r**3/3 - 12*r**2 + 70*r + 79. Let j be h(21). What is the highest common divisor of 63 and j?
7
Let m(d) = d**3 - 10*d**2 + 2*d + 7. Let u be m(8). Suppose -5*q = 10*q - 2295. Let c = u + q. Calculate the greatest common divisor of c and 32.
16
Suppose 7*w - 7012 = -1559. Suppose -w = -6*u + 139. Calculate the highest common divisor of u and 18.
9
Let s = -3 + 12. Calculate the highest common divisor of s and 675.
9
Let v be (9/(-2))/(-3)*20/15. Let n(m) = 2*m**v + 5*m + 10*m**2 - 7 - 14*m**2 + 5*m**2. Let s be n(8). What is the highest common factor of s and 90?
45
Let n = -17225 + 17295. Let f = 2 - -8. What is the greatest common divisor of n and f?
10
Let r be (-15)/2*7254/(-117). Let g be 150/(-10)*(-2)/2. Calculate the greatest common divisor of r and g.
15
Suppose 12*q - 3486 = 9*q. Calculate the greatest common factor of 70 and q.
14
Suppose 207 = 4*p - r, 2*r = -4*p + 5*r + 205. Let g be 6/(-3) + (9 - 5). Let x = g - -24. What is the greatest common divisor of p and x?
26
Suppose -5*y - 10 = 0, 8*i + 3*y + 9027 = 11*i. Calculate the greatest common factor of i and 31.
31
Let q(y) = 405*y + 210. Let r be q(14). Calculate the highest common divisor of 70 and r.
70
Let u = 108 - 98. Let n be (26/u - 3) + 2344/10. Suppose -4*j = 3*c - 98, 5*c = 6*j - 4*j + 120. What is the highest common divisor of n and c?
26
Suppose -2*y + 75 = -89*m + 90*m, -3*m + 5*y + 225 = 0. What is the greatest common factor of m and 6675?
75
Suppose 334 = -3*a + 100. Let h = a +